) is divided by l.
3
Suppose 0 = 5*t + l - 182, 3*t + l - 73 = 35. What is the remainder when t is divided by 14?
9
Suppose 123 = -6*p + 9*p. Suppose 2*j - p = 27. What is the remainder when j is divided by 18?
16
Let n = 70 - 47. Calculate the remainder when n is divided by (2*-6)/(0 + -2).
5
Let r(q) = q**3 + 19*q**2 + 34*q + 8. Suppose -3*p + 38 + 1 = 0. Calculate the remainder when p is divided by r(-17).
5
Suppose -2*a + 4*m = -0*m - 1118, 5*a - 2725 = -4*m. What is the remainder when a is divided by 55?
54
Let t be 1*(-5 + (-3)/(-1)). Calculate the remainder when 189/12*(-8*1)/t is divided by 13.
11
What is the remainder when 197 is divided by (-81)/(-18)*(3 + -3 + 2)?
8
Let l(r) = r - 3. Let w(o) = -2*o**2 + 8*o - 9. Let s(m) = m**2 - 4*m + 4. Let d(a) = -7*s(a) - 4*w(a). Calculate the remainder when d(4) is divided by l(6).
2
Let n = 23 - 31. Calculate the remainder when 63 is divided by (111/15 - 3)/(n/(-40)).
19
Suppose -3*v = g - 12, -v + 4*v = -2*g + 9. Let a = 37 + g. Calculate the remainder when 76 is divided by a.
8
Suppose 60 + 44 = 13*c. What is the remainder when 174 is divided by c?
6
Suppose 0 = -3*n - 14*c + 18*c + 51, 0 = 5*n - 5*c - 90. Calculate the remainder when 103 is divided by n.
19
Let k(y) = -4*y**2 - 7*y - 1. Let i be k(9). Calculate the remainder when (-6)/(-27) - i/36 is divided by 6.
5
Suppose -4*d - 7*d = -44. Suppose -y + 27 = 2*y + 2*h, 13 = d*y - 5*h. What is the remainder when y is divided by 1?
0
Suppose c + 49 = 2*p, -5*c - 110 = -2*p - 3*p. Calculate the remainder when 79 is divided by p.
25
Suppose 6 - 1 = -5*i - 3*f, -i - 23 = 5*f. Suppose -i*o - 12 = -3*b, -b + 17 = 3*b - 3*o. Suppose -w + 9 = b. What is the remainder when 25 is divided by w?
4
Suppose 3*d = -5*p + 658, -10*d + 11*d = p - 138. Calculate the remainder when 260 is divided by p.
126
Let m(s) = -25*s + 3. What is the remainder when m(-3) is divided by (-3)/18 - (-485)/30?
14
Suppose -284 + 1763 = 17*n. Calculate the remainder when 342 is divided by n.
81
Let h = 17 + -13. Suppose 2 = 2*j - h. What is the remainder when 11 is divided by j?
2
Suppose 4*f - p - 13 = 78, 4*f + p = 93. Let i = -14 - -28. Calculate the remainder when f is divided by i.
9
Let v(t) = -3*t + 5. What is the remainder when 9 is divided by v(0)?
4
Suppose h = -5*v + 6, -2*h + 4*h = 2*v + 36. What is the remainder when 168 is divided by h?
8
Suppose -5*s + 73 = -37. Let n = 31 - s. Calculate the remainder when 16 is divided by n.
7
Calculate the remainder when ((-2)/(-8))/(44/2288) is divided by 11.
2
Calculate the remainder when 148 is divided by 2*((-728)/(-16) + -8).
73
Suppose 0 = -4*x - 17 + 5. Let n(m) = 6*m**2 - 7*m - 3. Calculate the remainder when n(x) is divided by 15.
12
Let f = 18 - 16. Suppose -5*x - f*h + 59 = 2*h, 2*h + 23 = x. What is the remainder when 56 is divided by x?
11
Let l = -11 - -8. Let f(k) = -4*k - 7. Suppose -10 = -4*u + 22. What is the remainder when u is divided by f(l)?
3
Suppose 4*w = -w + 10. Let b(d) = -d**3 + 4*d**2 - 2*d - 1. Let h be b(w). Suppose -h*r = -70 - 11. Calculate the remainder when 53 is divided by r.
26
Let i(h) = h + 7. Suppose 7*t = 164 + 95. Calculate the remainder when t is divided by i(6).
11
Let v(p) = p**3 + 7*p**2 - p - 3. Let f be v(-7). Suppose 0 = -h - 5*k + 12 + 37, 4*k = 12. Calculate the remainder when h is divided by -1*9/(-4)*f.
7
Let f(t) = t**2 - 3*t + 1. Suppose -5*y + 145 - 25 = 0. What is the remainder when f(10) is divided by y?
23
Let b = 30 + -24. Suppose -3*v + 0 = -b. Suppose 2*y - 3*n + 4 = 0, y - 4*n = -3*y - 4. What is the remainder when v is divided by y?
0
Let w = 68 + -97. Let p = -53 - w. Let d = p + 39. What is the remainder when d is divided by 4?
3
What is the remainder when (21/4)/(225/3000) is divided by 24?
22
Let k = 2061 + -834. Calculate the remainder when k is divided by 77.
72
Suppose -4*o - 7*j = -12*j - 81, -j = -4*o + 61. What is the remainder when 78 is divided by o?
8
Suppose 4*b - 29 - 15 = 0. Let q = -97 + 36. Let j = -57 - q. What is the remainder when b is divided by j?
3
What is the remainder when 106 is divided by (-10)/10 - -7 - -24?
16
Let v(a) = -a**3 + a**2 + 5*a + 16. Let y be v(5). Let m = y - -64. Suppose 18 = -0*x + x. What is the remainder when x is divided by m?
3
Let s = 13 - 3. Let p(z) = -34*z + 209. What is the remainder when s is divided by p(6)?
0
Suppose -45 - 65 = -5*h. What is the remainder when (172/(-10))/(10/(-50)) is divided by h?
20
Let x = 44 - 31. Calculate the remainder when -28*45/(-36) - 0/(-5) is divided by x.
9
Calculate the remainder when 174 is divided by (690/10 + -10)*1.
56
Suppose 4*y - 48 = -2*t, -3*t - 5*y = -4*y - 62. Suppose 0 = -2*n + 3*q + 28, 3*q = -n - 3*n + t. Calculate the remainder when 28 is divided by n.
4
Let l = 378 - 384. Suppose -58 = -2*i + z, 3*i - 34 = i - 5*z. Let v = i + l. Calculate the remainder when v is divided by 11.
10
Suppose -9*y = -1428 + 222. Calculate the remainder when 259 is divided by y.
125
Let p(x) = x**2 + 2*x + 35. Calculate the remainder when p(-6) is divided by 7.
3
Let h = 27 - 20. Suppose 60 = -4*v + h*v. Calculate the remainder when v is divided by 4.
0
Suppose 0 = s - 3*f - 46, -63 = -s + f - 9. Calculate the remainder when s is divided by 13.
6
Suppose 5*v = 9*v - 32. Let m = 29 - 22. Let z(r) = r**3 - 6*r**2 - 4*r + 9. Calculate the remainder when z(m) is divided by v.
6
Suppose k + 127 = 2*d, -5*d - 31*k + 28*k + 334 = 0. Suppose 2*s = 3*c - 50, -c + 5*s = 23 - 57. Calculate the remainder when d is divided by c.
9
Suppose -4*p + 0*x = x - 436, x = 0. Calculate the remainder when p is divided by 7.
4
Let q(x) = x**3 + 2*x**2 - 16*x + 3. Let h be q(3). Suppose h = -20*d - 553 + 1653. Suppose -4*i = -2*i - 38. What is the remainder when d is divided by i?
17
Let l = 603 - -369. Calculate the remainder when l is divided by 15.
12
Suppose -3*x - 35*s + 40*s = -644, -7*x = s - 1414. Calculate the remainder when x is divided by -51*((-4)/(-6) - 1).
16
Let u(t) = 6 - 22 + 9 - 5*t. Calculate the remainder when u(-6) is divided by 5.
3
Suppose s - q = -3*s + 99, -q = s - 31. Let n(g) = -g**3 + 35*g**2 + 2*g + 5. Calculate the remainder when n(35) is divided by s.
23
Suppose 4*a - 2*y = 42, 4*a = 7*a + y - 24. Suppose -3*m - 24 = -30. Calculate the remainder when a is divided by m.
1
Let o = 22 + -16. Suppose 3*a + o = 6*a. Suppose 4*h + 88 = a*b + 5*h, 220 = 5*b - h. Calculate the remainder when b is divided by 23.
21
Let z(d) = 9*d + 4 - 4*d + 28*d. Calculate the remainder when z(3) is divided by 1053/324*(4 - 0).
12
Suppose 11 - 1 = 5*y. Suppose -y*s = 57 - 53. Let v(d) = -4*d**3 - 3*d**2 - d. What is the remainder when v(s) is divided by 6?
4
Let l(d) = -3*d - 2. Let k(n) = -n. Let h(j) = -4*k(j) + l(j). Let g be h(2). Suppose g = -p + 9. What is the remainder when p is divided by 6?
3
Suppose -180 = -53*f + 51*f. Calculate the remainder when f is divided by 23.
21
Let o = -103 - -163. Suppose 0 = 4*q - 4*v - o, -6*q + 2*v = -3*q - 49. What is the remainder when 70 is divided by q?
13
What is the remainder when 90 is divided by ((-2)/3)/(33/(-2376))?
42
Let u(r) = r**3 + 6*r**2 + 3*r + 5. Let h be u(-5). Let l = h - 5. Suppose -x + 2*x = 38. Calculate the remainder when x is divided by l.
8
Let h = 0 + 9. Let c(a) = -2*a + 4. Let t be c(7). What is the remainder when 15/t*64/(-6) is divided by h?
7
Suppose 5*n + 3*n - 1168 = 0. What is the remainder when n is divided by 21?
20
Let x(j) = -32*j + 26. What is the remainder when x(-6) is divided by 59?
41
Let w(x) = -x - 1. Let k be w(-6). Let j = 118 - 58. Suppose -3*s = 5*m - 51, k*m - j = -s - 3. What is the remainder when 34 is divided by m?
10
Let r = -22 + 43. Let l(q) = -2*q**3 + 3*q**2 + 4*q + 13. Suppose 5*t + 3*z + 22 = -8, 4*t - 2*z = -2. What is the remainder when l(t) is divided by r?
19
Let c = 3 - -2. Suppose p + 76 = 5*u, -c*p = u + 3*u - 55. What is the remainder when 59 is divided by u?
14
Suppose 12917 + 28733 = 98*z. Calculate the remainder when z is divided by 108.
101
Let r(m) = -8*m**3 - m**2 + 1. Let h be r(-1). Calculate the remainder when ((-12)/h)/((-3)/28) is divided by 5.
4
Let m(s) = -s**3 + 9*s**2 + 2*s + 106. Calculate the remainder when 568 is divided by m(10).
22
Suppose 5*x - 56 = x. Let b(l) = -2*